 182 (base 9) to base 10.
155
-5 (base 11) to base 9
-5
Convert -3 (base 7) to base 4.
-3
2 (base 8) to base 11
2
110 (base 7) to base 11
51
17 (base 12) to base 15
14
What is -146 (base 9) in base 5?
-443
Convert -31 (base 8) to base 11.
-23
What is 12 (base 5) in base 4?
13
What is 1 (base 6) in base 2?
1
Convert 10 (base 15) to base 2.
1111
What is -514 (base 6) in base 16?
-be
Convert 12122 (base 3) to base 11.
129
What is -2 (base 5) in base 8?
-2
Convert 253 (base 9) to base 2.
11010010
-3 (base 10) to base 13
-3
What is 13 (base 5) in base 6?
12
297 (base 10) to base 14
173
Convert 7 (base 8) to base 15.
7
What is 53 (base 9) in base 7?
66
Convert -1 (base 16) to base 7.
-1
What is -4 (base 6) in base 13?
-4
-40 (base 7) to base 15
-1d
What is -d (base 16) in base 9?
-14
What is -74 (base 11) in base 3?
-10000
Convert -1312 (base 4) to base 10.
-118
What is 3 (base 10) in base 4?
3
46 (base 7) to base 6
54
-103 (base 9) to base 2
-1010100
-4 (base 16) to base 12
-4
10202 (base 3) to base 8
145
30 (base 9) to base 10
27
Convert -3 (base 13) to base 7.
-3
What is 2 (base 10) in base 15?
2
What is 9 (base 11) in base 12?
9
Convert -25 (base 6) to base 2.
-10001
What is -a (base 12) in base 9?
-11
-e (base 16) to base 10
-14
What is 21 (base 4) in base 12?
9
-123 (base 4) to base 3
-1000
Convert -36 (base 13) to base 12.
-39
-453 (base 8) to base 11
-252
What is -5 (base 14) in base 15?
-5
Convert -38 (base 10) to base 13.
-2c
Convert 5 (base 13) to base 15.
5
40 (base 5) to base 12
18
32 (base 10) to base 7
44
1 (base 14) to base 4
1
Convert -8 (base 14) to base 16.
-8
Convert -c (base 16) to base 11.
-11
-16 (base 10) to base 11
-15
-147 (base 15) to base 8
-444
Convert 1 (base 8) to base 3.
1
Convert -3 (base 11) to base 13.
-3
What is -34 (base 7) in base 13?
-1c
1 (base 3) to base 15
1
Convert -2 (base 16) to base 6.
-2
What is -11 (base 15) in base 8?
-20
-3 (base 11) to base 12
-3
Convert -1211 (base 4) to base 13.
-7a
What is 1 (base 8) in base 6?
1
Convert -15 (base 12) to base 15.
-12
What is -16 (base 9) in base 2?
-1111
Convert -7 (base 15) to base 6.
-11
What is -20 (base 11) in base 3?
-211
What is -1e (base 16) in base 10?
-30
-30 (base 8) to base 9
-26
Convert 110 (base 2) to base 16.
6
12 (base 7) to base 9
10
Convert -3122 (base 4) to base 15.
-e8
e (base 15) to base 6
22
Convert -10 (base 4) to base 16.
-4
5 (base 14) to base 6
5
2 (base 6) to base 8
2
a (base 16) to base 11
a
Convert 6 (base 9) to base 3.
20
11c (base 14) to base 4
3132
What is -4 (base 12) in base 5?
-4
0 (base 3) to base 14
0
Convert 1 (base 11) to base 5.
1
6 (base 7) to base 13
6
Convert -3 (base 6) to base 14.
-3
-1332 (base 4) to base 3
-11200
-100111110 (base 2) to base 6
-1250
Convert -1 (base 10) to base 16.
-1
141 (base 6) to base 11
56
What is 2 (base 10) in base 3?
2
What is -20 (base 5) in base 9?
-11
-20 (base 3) to base 11
-6
0 (base 4) to base 16
0
10 (base 10) to base 13
a
-1 (base 5) to base 10
-1
Convert 65 (base 10) to base 12.
55
Convert 344 (base 6) to base 16.
88
Convert -da (base 16) to base 9.
-262
What is -40 (base 6) in base 4?
-120
Convert 102 (base 4) to base 3.
200
What is 10 (base 3) in base 15?
3
120 (base 3) to base 12
13
What is -5 (base 8) in base 6?
-5
What is 3 (base 12) in base 2?
11
-12 (base 10) to base 3
-110
What is 28 (base 11) in base 9?
33
b (base 15) to base 12
b
-16 (base 12) to base 16
-12
Convert 406 (base 7) to base 4.
3022
10 (base 3) to base 2
11
Convert 12 (base 6) to base 7.
11
Convert 2 (base 13) to base 16.
2
What is 330 (base 4) in base 10?
60
0 (base 13) to base 12
0
What is -43 (base 6) in base 3?
-1000
What is -1021 (base 4) in base 6?
-201
Convert 12010 (base 3) to base 5.
1023
What is -42 (base 16) in base 13?
-51
-1 (base 10) to base 2
-1
-1a (base 16) to base 14
-1c
What is -111 (base 2) in base 5?
-12
Convert -16 (base 13) to base 14.
-15
a (base 14) to base 3
101
What is -1 (base 5) in base 3?
-1
Convert 8 (base 12) to base 7.
11
What is -4 (base 16) in base 9?
-4
What is 30 (base 16) in base 10?
48
Convert -135 (base 6) to base 4.
-323
Convert -110011 (base 2) to base 10.
-51
Convert 8 (base 9) to base 6.
12
Convert 0 (base 16) to base 13.
0
-11 (base 5) to base 2
-110
Convert -6 (base 8) to base 11.
-6
0 (base 11) to base 9
0
-14 (base 16) to base 13
-17
Convert -11300 (base 4) to base 13.
-224
-5 (base 10) to base 15
-5
1000 (base 4) to base 14
48
-6 (base 9) to base 16
-6
Convert -2 (base 11) to base 3.
-2
What is 101 (base 4) in base 10?
17
What is 42 (base 7) in base 12?
26
3101 (base 4) to base 14
10d
-2010 (base 3) to base 10
-57
Convert -11000100 (base 2) to base 16.
-c4
Convert -30 (base 4) to base 6.
-20
123 (base 7) to base 9
73
-2 (base 14) to base 11
-2
Convert 4 (base 6) to base 4.
10
What is 202 (base 4) in base 7?
46
What is 0 (base 8) in base 6?
0
What is -9 (base 16) in base 11?
-9
Convert 12 (base 12) to base 13.
11
What is 11 (base 7) in base 12?
8
1 (base 12) to base 8
1
-1111 (base 2) to base 10
-15
-4 (base 16) to base 7
-4
-31 (base 4) to base 3
-111
18 (base 16) to base 3
220
What is 103 (base 11) in base 7?
235
63 (base 10) to base 3
2100
2 (base 15) to base 6
2
Convert 2 (base 7) to base 6.
2
Convert -2 (base 11) to base 5.
-2
What is -110111 (base 2) in base 4?
-313
What is -3 (base 16) in base 8?
-3
-64 (base 7) to base 11
-42
5 (base 12) to base 8
5
Convert 1 (base 4) to base 16.
1
-363 (base 8) to base 14
-135
Convert 32 (base 9) to base 13.
23
What is -35 (base 10) in base 16?
-23
28 (base 9) to base 5
101
What is -12101 (base 3) in base 14?
-a5
72 (base 11) to base 6
211
8 (base 16) to base 11
8
What is 6a (base 12) in base 16?
52
What is -5 (base 6) in base 4?
-11
What is 3 (base 4) in base 8?
3
What is -5 (base 14) in base 8?
-5
5 (base 7) to base 4
11
What is 12 (base 5) in base 9?
7
1b (base 14) to base 8
31
Convert -2 (base 13) to base 8.
-2
What is -11101000 (base 2) in base 8?
-350
Convert 27 (base 15) to base 7.
52
What is -1 (base 11) in base 14?
-1
1000 (base 2) to base 16
8
Convert 5 (base 8) to base 6.
5
-5 (base 12) to base 13
-5
What is 10 (base 16) in base 12?
14
What is -7 (base 12) in base 5?
-12
Convert 10 (base 3) to base 14.
3
Convert 1 (base 11) to base 4.
1
0 (base 12) to base 7
0
9c (base 14) to base 3
12010
Convert -37 (base 11) to base 3.
-1111
What is -2b (base 12) in base 9?
-38
1001 (base 2) to base 16
9
21 (base 3) to base 4
13
What is -1102 (base 3) in base 13?
-2c
-1 (base 16) to base 10
-1
Convert -120 (base 3) to base 12.
-13
-7 (base 10) to base 8
-7
0 (base 16) to base 9
0
Convert 9 (base 10) to base 12.
9
What is -34 (base 16) in base 9?
-57
What is 47 (base 8) in base 13?
30
-f (base 16) to base 12
-13
Convert 2 (base 14) to base 16.
2
Convert -40 (base 10) to base 7.
-55
What is 32 (base 6) in base 9?
22
What is 1 (base 9) in base 13?
1
Convert 103 (base 8) to base 12.
57
Convert -202 (base 4) to base 9.
-37
What is 4 (base 6) in base 13?
4
What is -67 (base 10) in base 9?
-74
-2 (base 7) to base 9
-2
Convert -3 (base 6) to base 11.
-3
Convert 0 (base 9) to base 7.
0
Convert -101 (base 2) to base 9.
-5
27 (base 14) to base 4
203
-3 (base 12) to base 7
-3
What is -231 (base 6) in base 13?
-70
What is -22 (base 14) in base 11?
-28
-2 (base 6) to base 7
-2
Convert -101 (base 9) to base 8.
-122
Convert 1 (base 13) to base 4.
1
Convert 22121 (base 3) to base 14.
128
What is -51 (base 11) in base 13?
-44
Convert a6 (base 14) to base 5.
1041
Convert 6 (base 16) to base 14.
6
-38 (base 16) to base 2
-111000
Convert -2 (base 6) to base 8.
-2
Convert 323 (base 7) to base 2.
10100100
Convert -110 (base 6) to base 14.
-30
What is 11 (base 3) in base 13?
4
14 (base 9) to base 3
111
Convert 19a (base 13) to base 10.
296
-c (base 13) to base 16
-c
-12 (base 3) to base 15
-5
What is 2 (base 15) in base 8?
2
What is 14 (base 15) in base 12?
17
4 (base 15) to base 14
4
Convert 121 (base 3) to base 8.
20
What is -7 (base 10) in base 11?
-7
Convert 268 (base 10) to base 8.
414
Convert 1c (base 13) to base 12.
21
What is 4 (base 7) in base 11?
4
Convert 125 (base 6) to base 12.
45
What is 100011 (base 2) in base 6?
55
What is 180 (base 9) in base 11?
12a
Convert 76 (base 13) to base 6.
241
What is 0 (base 10) in base 15?
0
40 (base 8)